tor of 1895877623?
False
Does 45 divide 74848680?
True
Is 40 a factor of 53988720?
True
Is 29 a factor of 22170977?
False
Does 12 divide 584860608?
True
Is 7 a factor of 113400847?
True
Is 4 a factor of 14163596?
True
Is 27302418 a multiple of 78?
True
Is 12390 a factor of 7487867650?
False
Does 17 divide 384751011?
False
Is 207 a factor of 589236937?
False
Is 227460857 a multiple of 113?
False
Is 173804535 a multiple of 123?
True
Does 1725 divide 60692867?
False
Is 10158406 a multiple of 11?
False
Does 988 divide 55509157?
False
Is 31303348 a multiple of 4?
True
Does 5 divide 106618405?
True
Is 133610201 a multiple of 1179?
False
Is 4334409 a multiple of 1203?
True
Is 23 a factor of 1290573866?
False
Is 545 a factor of 289822825?
True
Does 10 divide 54509120?
True
Is 142398496 a multiple of 15?
False
Is 213 a factor of 147732759?
False
Is 848845197 a multiple of 736?
False
Is 13 a factor of 245981470?
False
Is 148262569 a multiple of 20?
False
Is 6 a factor of 34248096?
True
Is 2162 a factor of 222755184?
True
Is 80 a factor of 896379380?
False
Is 903375515 a multiple of 60?
False
Is 3653133 a multiple of 33?
True
Does 18 divide 39373125?
False
Is 17 a factor of 1644392218?
True
Does 2 divide 281220?
True
Is 16 a factor of 46657776?
True
Does 12 divide 91358172?
True
Is 21 a factor of 94491264?
True
Is 77 a factor of 322503104?
True
Is 6901 a factor of 2530431076?
True
Is 8674 a factor of 1785081467?
False
Is 10 a factor of 2239312240?
True
Is 50 a factor of 13320100?
True
Is 22 a factor of 273472801?
False
Is 875955483 a multiple of 13?
True
Does 325 divide 70535544?
False
Does 26 divide 1465686196?
True
Is 510476316 a multiple of 3?
True
Is 76449176 a multiple of 7?
False
Does 693 divide 23356829?
False
Does 123 divide 24483600?
False
Is 119471885 a multiple of 58?
False
Does 101 divide 50714625?
True
Does 90 divide 1360378036?
False
Is 3 a factor of 20118215?
False
Does 11 divide 1752714634?
True
Is 74298949 a multiple of 814?
False
Is 500749515 a multiple of 447?
True
Does 13 divide 1579903623?
False
Does 20 divide 966576?
False
Does 6 divide 60832586?
False
Is 855160884 a multiple of 19?
False
Is 307 a factor of 27448601?
False
Does 8 divide 47096220?
False
Is 1474 a factor of 160608514?
True
Is 148070910 a multiple of 626?
True
Is 22998948 a multiple of 21?
True
Is 105820583 a multiple of 11?
True
Does 278 divide 36398782?
False
Is 8795922 a multiple of 14?
False
Is 242 a factor of 15089956?
False
Is 11 a factor of 2993622?
False
Is 12 a factor of 1662125040?
True
Does 6 divide 12263512?
False
Does 1162 divide 40923316?
True
Is 628452217 a multiple of 1823?
False
Does 2 divide 2634420?
True
Does 9 divide 253356174?
True
Does 32 divide 837420800?
True
Is 11 a factor of 11624579?
False
Is 2547 a factor of 911328109?
False
Does 46 divide 7463730?
True
Does 82 divide 130727801?
False
Does 11 divide 56694867?
False
Is 972951915 a multiple of 4395?
True
Is 18930425 a multiple of 5?
True
Is 310487631 a multiple of 3?
True
Is 1535 a factor of 1414501647?
False
Is 80206188 a multiple of 2819?
True
Is 2042403670 a multiple of 19?
True
Is 9 a factor of 905655732?
False
Does 447 divide 376614300?
False
Is 1309188091 a multiple of 1361?
True
Is 3542 a factor of 227297574?
False
Is 90003313 a multiple of 24?
False
Does 24 divide 5526168?
True
Is 194746944 a multiple of 21?
True
Is 151 a factor of 8778897?
False
Is 2450 a factor of 74401747?
False
Is 1320 a factor of 39624542?
False
Does 164 divide 1645904?
True
Does 33 divide 146858382?
True
Does 25 divide 53647000?
True
Is 796114440 a multiple of 297?
True
Is 130 a factor of 730728440?
True
Does 203 divide 785911252?
True
Is 2912326428 a multiple of 12?
True
Does 23 divide 189719134?
True
Is 529 a factor of 113052590?
True
Does 1824 divide 4570407744?
True
Is 904 a factor of 4660212?
False
Does 113 divide 13916419?
False
Does 759 divide 11426745?
True
Is 2565581190 a multiple of 411?
True
Is 21 a factor of 40869591?
True
Does 385 divide 36352085?
True
Is 518897368 a multiple of 17?
False
Is 133906920 a multiple of 60?
True
Does 1324 divide 2286279594?
False
Is 19 a factor of 6034491?
False
Is 461167581 a multiple of 35?
False
Does 64 divide 13862300?
False
Is 249 a factor of 943801460?
False
Is 62918901 a multiple of 57?
False
Does 748 divide 183583136?
True
Is 19316136 a multiple of 408?
False
Is 3617 a factor of 204852412?
True
Is 28 a factor of 5389048?
True
Is 16 a factor of 23676976?
True
Does 12 divide 197680309?
False
Does 35 divide 35900218?
False
Is 177692624 a multiple of 145?
False
Is 12235584 a multiple of 2?
True
Is 213063777 a multiple of 19?
True
Is 2 a factor of 63240638?
True
Is 525 a factor of 135832200?
True
Is 667358706 a multiple of 50?
False
Is 5131744 a multiple of 32?
True
Does 55 divide 1050453849?
False
Is 90 a factor of 458822165?
False
Is 6430 a factor of 479002850?
True
Does 5 divide 246167297?
False
Is 29 a factor of 68655122?
True
Is 2 a factor of 556765?
False
Is 9 a factor of 8681301?
True
Does 14 divide 221323298?
True
Is 3455 a factor of 658688840?
True
Is 4174626 a multiple of 7?
False
Does 1089 divide 237880675?
False
Is 1161 a factor of 408343182?
False
Is 842 a factor of 19092666?
False
Is 90018570 a multiple of 102?
True
Is 8 a factor of 40778468?
False
Is 13380939 a multiple of 1443?
True
Is 17 a factor of 9213575?
True
Is 231525132 a multiple of 180?
False
Does 2496 divide 324441941?
False
Does 51 divide 366313915?
False
Is 1169 a factor of 155752765?
False
Is 263 a factor of 2974096?
False
Does 50 divide 28874450?
True
Does 1354 divide 459460944?
True
Does 21 divide 959997402?
True
Is 327892288 a multiple of 28?
False
Is 14 a factor of 154352741?
False
Does 1637 divide 4636131382?
False
Is 1200217018 a multiple of 286?
True
Does 3 divide 375604638?
True
Is 1431958 a multiple of 2?
True
Is 174210225 a multiple of 2505?
True
Is 146034251 a multiple of 451?
True
Is 741222444 a multiple of 2?
True
Is 393 a factor of 5861463?
False
Is 3051859696 a multiple of 9872?
True
Does 17 divide 5266050582?
False
Is 86 a factor of 78822267?
False
Does 157 divide 16983360?
False
Is 27 a factor of 26342307?
True
Does 2601 divide 342209593?
False
Does 419 divide 137651137?
True
Is 103 a factor of 18441892?
False
Is 76 a factor of 10229485?
False
Is 1296588 a multiple of 647?
True
Is 1630 a factor of 1415624030?
True
Is 30 a factor of 20582952?
False
Is 24753802 a multiple of 89?
False
Does 317 divide 247012423?
True
Does 663 divide 53725542?
True
Is 15842344 a multiple of 158?
True
Is 91 a factor of 246709099?
True
Is 1913 a factor of 45981651?
False
Is 896 a factor of 536314240?
True
Is 74 a factor of 266737440?
True
Is 61 a factor of 126982602?
True
Does 969 divide 2753521730?
False
Is 8 a factor of 44267696?
True
Is 1070903085 a multiple of 245?
True
Is 81 a factor of 251376129?
True
Is 44 a factor of 377541021?
False
Is 32031084 a multiple of 953?
False
Is 13798410 a multiple of 185?
True
Does 22 divide 206391968?
False
Is 4354164178 a multiple of 23?
True
Is 7673976 a multiple of 1908?
True
Is 648 a factor of 848093976?
True
Is 228238700 a multiple of 10?
True
Does 315 divide 98792190?
True
Is 250 a factor of 56980426?
False
Does 434 divide 1890217?
False
Is 7409 a factor of 704040688?
False
Is 1749 a factor of 5127820540?
False
Is 147 a factor of 51928779?
True
Is 50669368 a multiple of 39?
False
Does 12 divide 165449246?
False
Does 31 divide 239041290?
False
Is 190 a factor of 83383400?
True
Is 1473 a factor of 3929522070?
False
Is 10191557 a multiple of 457?
True
Does 1353 divide 35510838?
True
Does 85 divide 22109502?
False
Does 8 divide 272949512?
True
Does 3 divide 337748205?
True
Does 65 divide 490537255?
True
Is 159163016 a multiple of 3688?
True
Is 19 a factor of 44590948?
True
Is 923 a factor of 5172440312?
True
Is 570570330 a multiple of 2783?
False
Is 171914652 a multiple of 1623?
True
Does 351 divide 3626076?
False
Is 825 a factor of 1162437375?
True
Is 1975576360 a multiple of 5?
True
Is 1109208780 a multiple of 481?
False
Is 542003738 a multiple of 3058?
False
Is 20 a factor of 1008333705?
False
Is 121 a factor of 34574903?
True
Is 147 a factor of 100668292?
False
Is 4386 a factor of 71027408?
False
Is 43335 a multiple of 321?
True
Does 181 divide 587